{"id":2364,"date":"2021-08-10T08:26:08","date_gmt":"2021-08-10T08:26:08","guid":{"rendered":"http:\/\/helpmalawi-nederland.nl\/?page_id=2364"},"modified":"2021-08-10T09:01:19","modified_gmt":"2021-08-10T09:01:19","slug":"future4all","status":"publish","type":"page","link":"https:\/\/helpmalawi-nederland.nl\/index.php\/over-ons\/future4all\/","title":{"rendered":"Future4All"},"content":{"rendered":"<p><img loading=\"lazy\" decoding=\"async\" class=\"size-medium wp-image-2368 aligncenter\" src=\"http:\/\/helpmalawi-nederland.nl\/wp-content\/uploads\/2021\/08\/future4all-logo2-300x118.png\" alt=\"\" width=\"300\" height=\"118\" srcset=\"https:\/\/helpmalawi-nederland.nl\/wp-content\/uploads\/2021\/08\/future4all-logo2-300x118.png 300w, https:\/\/helpmalawi-nederland.nl\/wp-content\/uploads\/2021\/08\/future4all-logo2-150x59.png 150w, https:\/\/helpmalawi-nederland.nl\/wp-content\/uploads\/2021\/08\/future4all-logo2.png 310w\" sizes=\"(max-width: 300px) 100vw, 300px\" \/>Lemani, onze co\u00f6rdinator in Malawi, is een hardwerkende jongeman. Hij heeft grote ambities om in zijn land de armoede te bestrijden. Onze stichting ondersteunt hem daarin waar mogelijk. Wat heel bijzonder is, is dat hij kortgeleden een stichting heeft opgezet. Voorheen werkten we samen met de goede doelen commissie in Dzoole. Tegenwoordig werken we samen met Lemani zijn stichting Future4all. Future4all is een organisatie van enthousiaste vrijwilligers waarmee Help Malawi Nederland in Dzoole-village samenwerkt. Futere4all heeft steun gekregen van het district Ntcheu in de vorm van gratis kantoorruimte in de stad Ntcheu.<\/p>\n<p><img loading=\"lazy\" decoding=\"async\" class=\"size-medium wp-image-2365 alignright\" src=\"http:\/\/helpmalawi-nederland.nl\/wp-content\/uploads\/2021\/08\/future4all-aug-2021-300x225.jpg\" alt=\"\" width=\"300\" height=\"225\" srcset=\"https:\/\/helpmalawi-nederland.nl\/wp-content\/uploads\/2021\/08\/future4all-aug-2021-300x225.jpg 300w, https:\/\/helpmalawi-nederland.nl\/wp-content\/uploads\/2021\/08\/future4all-aug-2021-150x113.jpg 150w, https:\/\/helpmalawi-nederland.nl\/wp-content\/uploads\/2021\/08\/future4all-aug-2021-768x577.jpg 768w, https:\/\/helpmalawi-nederland.nl\/wp-content\/uploads\/2021\/08\/future4all-aug-2021-800x601.jpg 800w, https:\/\/helpmalawi-nederland.nl\/wp-content\/uploads\/2021\/08\/future4all-aug-2021-400x300.jpg 400w, https:\/\/helpmalawi-nederland.nl\/wp-content\/uploads\/2021\/08\/future4all-aug-2021.jpg 990w\" sizes=\"(max-width: 300px) 100vw, 300px\" \/>De board van Future4all bestaat uit vijf mensen:<br \/>\nKoaster Thombozi, secretary (beroep \u201cmarketeer\u201d)<br \/>\nLemani Ngaiyaye, director\u00a0(beroep \u201cprogram director\u201d)<br \/>\nLilian Chinkonde, vice chairman (beroep \u201cteacher secondary school\u201d)<br \/>\nCrispin Mphando, chairman (beroep \u201caccountant\u201d)<br \/>\nRichwell Tambuli, treasurer\u00a0\u00a0( beroep \u201cHIV\/Aids program officer\u201d \u2013 PCI ) Hij staat niet op de foto In het midden Louise Swart van HELP Malawi Nederland.<\/p>\n<p>Voor de stichting heeft Lemani een ambitieus plan geschreven. Dit plan heeft het bestuur samen met, Louise Swart besproken.\u00a0Het plan omvat grootse idee\u00ebn, maar ja, hoe moeten die worden uitgevoerd met maar \u00e9\u00e9n sponsor; Help Malawi Nederland.. Tijdens de bijeenkomst is over hoe sponsoren te vinden in Malawi gesproken en de mogelijkheden om grote bedrijven in Nederland te interesseren om projecten die Future4all wil opzetten te ondersteunen<\/p>\n<p>Ambities voor het opzetten van een skillschool ( beroepsopleiding) kwamen ook weer ter sprake.\u00a0Louise en Lemani bedachten in 2012 al dat het leren van skills belangrijk is.<\/p>\n<p>Jongeren moeten de mogelijkheid hebben om verder te leren voor een beroep dat bij hen past. Daarom moet er meer diversiteit in soorten opleidingen en scholingen komen in Malawi. Alle kinderen moeten de mogelijkheid krijgen om zichzelf te ontwikkelen en hun talenten te gebruiken.<\/p>\n<p>Tot wat voor moois zal dit leiden?<\/p>\n<p>Voor de resultaten tot nu (september 2021) klik <a href=\"http:\/\/helpmalawi-nederland.nl\/index.php\/category\/projecten\/afgeronde-projecten\/\"><span style=\"color: #ff0000;\">hier<\/span><\/a><\/p>\n","protected":false},"excerpt":{"rendered":"<p>Lemani, onze co\u00f6rdinator in Malawi, is een hardwerkende jongeman. Hij heeft grote ambities om in zijn land de armoede te bestrijden. Onze stichting ondersteunt hem daarin waar mogelijk. Wat heel bijzonder is, is dat hij kortgeleden een stichting heeft opgezet. Voorheen werkten we samen met de goede doelen commissie in Dzoole. Tegenwoordig werken we samen met Lemani zijn stichting Future4all.<\/p>\n<p><a class=\"more-link\" href=\"https:\/\/helpmalawi-nederland.nl\/index.php\/over-ons\/future4all\/\">Read More<\/a><\/p>\n","protected":false},"author":4,"featured_media":0,"parent":47,"menu_order":0,"comment_status":"closed","ping_status":"closed","template":"","meta":{"footnotes":""},"_links":{"self":[{"href":"https:\/\/helpmalawi-nederland.nl\/index.php\/wp-json\/wp\/v2\/pages\/2364"}],"collection":[{"href":"https:\/\/helpmalawi-nederland.nl\/index.php\/wp-json\/wp\/v2\/pages"}],"about":[{"href":"https:\/\/helpmalawi-nederland.nl\/index.php\/wp-json\/wp\/v2\/types\/page"}],"author":[{"embeddable":true,"href":"https:\/\/helpmalawi-nederland.nl\/index.php\/wp-json\/wp\/v2\/users\/4"}],"replies":[{"embeddable":true,"href":"https:\/\/helpmalawi-nederland.nl\/index.php\/wp-json\/wp\/v2\/comments?post=2364"}],"version-history":[{"count":2,"href":"https:\/\/helpmalawi-nederland.nl\/index.php\/wp-json\/wp\/v2\/pages\/2364\/revisions"}],"predecessor-version":[{"id":2369,"href":"https:\/\/helpmalawi-nederland.nl\/index.php\/wp-json\/wp\/v2\/pages\/2364\/revisions\/2369"}],"up":[{"embeddable":true,"href":"https:\/\/helpmalawi-nederland.nl\/index.php\/wp-json\/wp\/v2\/pages\/47"}],"wp:attachment":[{"href":"https:\/\/helpmalawi-nederland.nl\/index.php\/wp-json\/wp\/v2\/media?parent=2364"}],"curies":[{"name":"wp","href":"https:\/\/api.w.org\/{rel}","templated":true}]}}